{"id":50,"date":"2016-03-25T15:42:42","date_gmt":"2016-03-25T14:42:42","guid":{"rendered":"http:\/\/m-au-carre.fr\/?page_id=50"},"modified":"2020-06-07T16:12:10","modified_gmt":"2020-06-07T15:12:10","slug":"biographie","status":"publish","type":"page","link":"https:\/\/m-au-carre.fr\/index.php\/biographie\/","title":{"rendered":"Parcours et Cie"},"content":{"rendered":"<blockquote><p><strong><i>On ne na\u00eet pas sociologue, on le devient <\/i>(1) <\/strong><\/p><\/blockquote>\n<h2 style=\"text-align: right;\"><span style=\"color: #33cccc;\">&#8212; MON PARCOURS PROFESSIONNEL &#8212;<\/span><\/h2>\n<p align=\"justify\"><strong><span style=\"color: #33cccc;\">De 2019 \u00e0 aujourd&rsquo;hui, une sociologue en libert\u00e9<\/span><br \/>\n<\/strong><\/p>\n<p align=\"justify\"><span class=\"background-details\">2019 f\u00fbt l&rsquo;ann\u00e9e de mes premiers contrats en tant que sociologue ind\u00e9pendante (appels d&rsquo;offres, intervention professionnelle). J&rsquo;ai nou\u00e9 des partenariats enthousiasmants et inscrits dans la dur\u00e9e, et pens\u00e9 des projets inspirants\u00a0 ! <\/span><strong>L&rsquo;aventure continue&#8230;<\/strong><\/p>\n<p align=\"justify\"><strong><span style=\"color: #33cccc;\">En 2018, \u00e0 la recherche d&rsquo;une opportunit\u00e9<\/span> <\/strong><\/p>\n<p align=\"justify\">\u00c9tant en (re)questionnement autour de mon projet professionnel, j&rsquo;ai effectu\u00e9 un tour d&rsquo;horizon et rencontr\u00e9 des entreprises et autres organisations des Pays-de-la-Loire dans lesquelles les sciences humaines et sociales, et en particulier la sociologie, ont potentiellement leur place. Il s&rsquo;agissait \u00ab\u00a0d&rsquo;aller vers\u00a0\u00bb et d&rsquo;\u00e9changer autour des projets et missions men\u00e9s par les personnes rencontr\u00e9es et sur ce qui les inspire dans leur m\u00e9tier. Mon objectif \u00e9tant \u00e0 la fois d&rsquo;\u00e9toffer et \u00e9largir mon r\u00e9seau professionnel, d\u00e9couvrir diff\u00e9rents m\u00e9tiers et activit\u00e9s et faire de belles rencontres.<\/p>\n<p align=\"justify\">Cette d\u00e9marche m&rsquo;a permis de r\u00e9fl\u00e9chir \u00e0 l&rsquo;opportunit\u00e9 de cr\u00e9er ma propre activit\u00e9 et l&rsquo;id\u00e9e a fait son chemin &#8230;<\/p>\n<p align=\"justify\"><strong><span style=\"color: #33cccc;\">En 2016, un nouveau champ des possibles professionnels<\/span><\/strong><\/p>\n<p align=\"justify\">J&rsquo;ai int\u00e9gr\u00e9 le programme partenarial de recherche-action \u00ab\u00a0Transition \u00e9nerg\u00e9tique et soci\u00e9tale\u00a0\u00bb initi\u00e9 par le Coll\u00e8ge des Transitions Soci\u00e9tales au cours de sa troisi\u00e8me ann\u00e9e d&rsquo;existence. Ce vaste et riche programme de recherche-action r\u00e9unit des acteurs du territoire des Pays-de-la-Loire (des porteurs de projets collectifs de transition : des projets agricoles, de production citoyenne d&rsquo;\u00e9nergie renouvelables, d&rsquo;entreprises en zones d&rsquo;activit\u00e9s) et des chercheurs (sociologues, g\u00e9ographes, \u00e9conomistes, prospectivistes). Il s&rsquo;agit de r\u00e9fl\u00e9chir ensemble \u00e0 comment \u00e9mergent, se d\u00e9veloppent et se p\u00e9rennisent des projets collectifs territoriaux en faveur de la transition \u00e9nerg\u00e9tique et ainsi comprendre comment se cr\u00e9ent les capacit\u00e9s collectives pour \u00e0 terme changer les modes de vie. Ma mission d&rsquo;une dur\u00e9e de 10 mois fut de renforcer l&rsquo;\u00e9quipe de coordination du programme en termes :<br \/>\n&#8211; d&rsquo;appui et de suivi de travaux d&rsquo;enqu\u00eates sociologiques (\u00e9laborer une m\u00e9thodologie d&rsquo;enqu\u00eate, collecter, traiter et analyser les donn\u00e9es),<br \/>\n&#8211; d&rsquo;organisation, participation et suivi de diverses r\u00e9unions, \u00e9v\u00e9nements et s\u00e9minaires (organiser et rendre compte)<br \/>\n&#8211; de participation \u00e0 l&rsquo;\u00e9criture collective tant de livrables \u00e9dit\u00e9s par le programme que de comptes-rendus des rencontres, etc.<br \/>\n&#8211; d&rsquo;encadrement et suivi de stagiaires (organiser et suivre le programme de travail du stage).<\/p>\n<p align=\"justify\">Cette mission fut riche tant en termes d&rsquo;apprentissages, d&rsquo;exp\u00e9riences que de rencontres humaines.<\/p>\n<p align=\"justify\"><strong><span style=\"color: #33cccc;\">En 2010, le d\u00e9but d&rsquo;une exp\u00e9rience de recherche en action<\/span> <\/strong><\/p>\n<p align=\"justify\">J&rsquo;ai int\u00e9gr\u00e9 la SCOP nantaise Ara\u00efs, un bureau d&rsquo;\u00e9tudes et de conseil en d\u00e9veloppement durable et innovation sociale, d&rsquo;abord en tant qu&rsquo;Assistante d&rsquo;\u00e9tudes puis Charg\u00e9e d&rsquo;\u00e9tudes associ\u00e9e. Cette coop\u00e9rative engag\u00e9e dans l\u2019\u00c9conomie Sociale et Solidaire, par son statut et par son activit\u00e9\u00a0(promouvoir une \u00e9conomie plus solidaire, cr\u00e9atrice de richesses et d\u2019emplois, au service de l\u2019homme), assurait un appui conseil aux organisations (collectivit\u00e9s territoriales, associations ou entreprises priv\u00e9es) dans le but de les accompagner au changement. L&rsquo;\u00e9quipe compos\u00e9e principalement d'(ex)-universitaires en sciences humaines et sociales, \u00e9tait pluridisciplinaire (droit, g\u00e9ographie sociale, sociologie et sciences politiques). Nos activit\u00e9s s&rsquo;articulaient autour\u00a0des \u00e9tudes (production de connaissances par des \u00e9tudes qualitatives et quantitatives) et du conseil (accompagnement et aide \u00e0 la d\u00e9cision par des AMO, sensibilisation, animation, expertise D\u00e9veloppement Durable). Diverses th\u00e9matiques, li\u00e9es principalement au d\u00e9veloppement durable des territoires, traversaient nos missions telles que la participation citoyenne, l&rsquo;\u00e9conomie collaborative (covoiturage, la consommation responsable, etc.), l&rsquo;am\u00e9nagement urbain durable, ou encore la politique de la ville. J&rsquo;y ai exp\u00e9riment\u00e9, \u00e9chang\u00e9, produit, acquis et partag\u00e9 un ensemble de savoirs, d&rsquo;outils et de comp\u00e9tences au fil des missions conduites et des territoires explor\u00e9s. Apr\u00e8s 15 ans de fonctionnement, la Scop Ara\u00efs n&rsquo;a pas surv\u00e9cu \u00e0 une conjoncture \u00e9conomique difficile et a ferm\u00e9 ses portes d\u00e9but janvier 2015.<\/p>\n<ul>\n<li>Avril 2018 \u00e0 aujourd&rsquo;hui : <strong>Sociologue ind\u00e9pendante<\/strong><\/li>\n<li>Octobre 2017 &#8211; Mars 2018 : Recherche active d&rsquo;un poste &#8211; D\u00e9veloppement de mon r\u00e9seau professionnel par une campagne d&rsquo;entretiens conseils aupr\u00e8s de personnes ressources en responsabilit\u00e9 dans diverses entreprises, associations et collectivit\u00e9s territoriales (r\u00e9gion nantaise, Paris)<\/li>\n<li>Septembre 2016 &#8211; Juin 2017 : <strong>Charg\u00e9e d&rsquo;\u00e9tudes (sociologue)<\/strong> au sein du Coll\u00e8ge des transitions soci\u00e9tales (Think &amp; Do Tank r\u00e9gional) pour le programme partenarial de recherche-action transition \u00e9nerg\u00e9tique et soci\u00e9tale<\/li>\n<li>2010 \u2013 2015\u00a0: <strong>Charg\u00e9e d&rsquo;\u00e9tudes (Associ\u00e9e)<\/strong> au sein de la Coop\u00e9rative d&rsquo;\u00e9tudes et de conseil Ara\u00efs \u00e0 Nantes (Association Recherche Action et Innovation Sociale)<\/li>\n<li>2013 \u2013 2015\u00a0: Intervenante professionnelle dans le cadre du Master 2 Professionnel M\u00e9tiers du d\u00e9veloppement territorial et de l&rsquo;ESS \u00e0 l&rsquo;Universit\u00e9 Catholique de l&rsquo;Ouest d&rsquo;Angers (Objets de mes interventions\u00a0: \u00catre sociologue praticien et La Recherche-action en action)<\/li>\n<li>2006 \u2013 2008\u00a0: Attach\u00e9e Temporaire \u00e0 l&rsquo;Enseignement et \u00e0 la Recherche (ATER) \u00e0 l&rsquo;UFR de sociologie \u00e0 l&rsquo;Universit\u00e9 de Rennes 2 (Licence 1 et 2 \u2013 Cours de M\u00e9thodologie de recherche en sciences humaines \/ Cours d&rsquo;Introduction \u00e0 l&rsquo;ethnologie \/ Cours de Statistiques)<\/li>\n<li>2004 \u2013 2006 : Charg\u00e9e de cours \u00e0 l&rsquo;UFR de sociologie \u00e0 l&rsquo;Universit\u00e9 de Nantes (Licence 1 \u2013 Cours d&rsquo;Introduction \u00e0 la sociologie)<\/li>\n<li>2004 \u2013 2006\u00a0: Doctorante salari\u00e9e de l&rsquo;ADEME (Bourse de recherche)<\/li>\n<\/ul>\n<h2 style=\"text-align: right;\"><span style=\"color: #33cccc;\">&#8212; MON PARCOURS EN SOCIOLOGIE &#8212;<\/span><\/h2>\n<ul>\n<li>2009\u00a0: Doctorat de sociologie (Universit\u00e9 Fran\u00e7ois Rabelais &#8211; Tours)<\/li>\n<li>2003\u00a0: Master 2 Recherche \u00ab\u00a0Villes et Territoires\u00a0\u00bb (Universit\u00e9 Fran\u00e7ois Rabelais -Tours)<\/li>\n<li>2002\u00a0: Master 2 Professionnel \u00ab\u00a0Responsable d&rsquo;actions \u00e9ducatives et sociales dans l&rsquo;espace urbain (Universit\u00e9 Paris 8 \u2013 UFR des Sciences de l&rsquo;\u00e9ducation)<\/li>\n<li>2000 &#8211; 2001\u00a0: Licence et Master 1 de sociologie (Universit\u00e9 de Nantes \u2013 UFR de Sociologie)<i><br \/>\n<\/i><\/li>\n<\/ul>\n<p align=\"justify\"><img loading=\"lazy\" decoding=\"async\" class=\"wp-image-51 alignleft\" src=\"https:\/\/m-au-carre.fr\/wp-content\/uploads\/2016\/03\/Parcours-universitaire-Carte-300x212.jpg\" alt=\"Parcours universitaire Carte\" width=\"249\" height=\"176\" srcset=\"https:\/\/m-au-carre.fr\/wp-content\/uploads\/2016\/03\/Parcours-universitaire-Carte-300x212.jpg 300w, https:\/\/m-au-carre.fr\/wp-content\/uploads\/2016\/03\/Parcours-universitaire-Carte-768x543.jpg 768w, https:\/\/m-au-carre.fr\/wp-content\/uploads\/2016\/03\/Parcours-universitaire-Carte-1024x724.jpg 1024w, https:\/\/m-au-carre.fr\/wp-content\/uploads\/2016\/03\/Parcours-universitaire-Carte.jpg 1123w\" sizes=\"auto, (max-width: 249px) 100vw, 249px\" \/><\/p>\n<p align=\"justify\">A la fin de mon Master 1 (Image de soi et repr\u00e9sentation individuelle : le miroir et la photographie dans la vie quotidienne &#8211; 2001), j&rsquo;ai souhait\u00e9 me professionnaliser en int\u00e9grant un Master 2 Professionnel. Il faut bien avouer que j&rsquo;ai l\u00e9g\u00e8rement fait fausse route en suivant cette formation qui ne correspondait finalement pas \u00e0 mes aspirations. Le seul b\u00e9n\u00e9fice retir\u00e9 a \u00e9t\u00e9 de me \u00ab\u00a0d\u00e9couvrir\u00a0\u00bb un int\u00e9r\u00eat pour le fait urbain et la fabrication urbaine (des lieux). Exit ma professionnalisation &#8230;<\/p>\n<p align=\"justify\">J&rsquo;ai alors poursuivi mon voyage initiatique sociologique en Master 2 Recherche, lors duquel j&rsquo;ai pu affiner mon int\u00e9r\u00eat pour les territoires en devenir et l&rsquo;usage qui en \u00e9tait fait, \u00e0 l&rsquo;instar de la nouvellement nomm\u00e9e Ile de Nantes et son nouveau Palais de Justice (Introduction d&rsquo;une activit\u00e9 institutionnelle comme mode de redynamisation d&rsquo;un espace en partie en \u00ab\u00a0friche urbaine\u00a0\u00bb. L&rsquo;exemple du (nouveau) Palais de Justice de Nantes &#8211; 2003).<\/p>\n<p align=\"justify\">Dans la suite (logique) de ce parcours, j&rsquo;ai entam\u00e9, poursuivi et achev\u00e9 mon Doctorat de sociologie (Vivre sur un espace en renouvellement urbain : l&rsquo;exemple du projet d&rsquo;am\u00e9nagement de l&rsquo;Ile de Nantes et de ses commer\u00e7ants \u2013 2009 &#8211; <a href=\"https:\/\/m-au-carre.fr\/wp-content\/uploads\/2016\/03\/Th\u00e8se-Marion-Guerry-2009.pdf\" target=\"_blank\" rel=\"noopener noreferrer\">PDF Th\u00e8se<\/a>).<\/p>\n<p align=\"justify\">Ce travail d&rsquo;\u00e9criture sociologique a repr\u00e9sent\u00e9 six ann\u00e9es de tout et son contraire, en termes \u00e9motionnel et intellectuel\u00a0: des enrichissements scientifiques, des doutes existentiels, des avanc\u00e9es personnelles, de l&rsquo;isolement, de l&rsquo;ouverture, de la transmission de savoirs (professorat), des satisfactions, &#8230;<\/p>\n<p align=\"justify\">Malgr\u00e9 un \u00ab\u00a0accouchement\u00a0\u00bb dans la douleur, je suis satisfaite depuis lors d&rsquo;avoir parcouru ce chemin et d&rsquo;avoir achev\u00e9 ma th\u00e8se et ainsi devenir Docteure Guerry &#8230; je vous laisse appr\u00e9cier la subtilit\u00e9 \ud83d\ude42<\/p>\n<p align=\"justify\"><strong>Apr\u00e8s l&rsquo;obtention de mon doctorat, j&rsquo;ai eu envie d&rsquo;agir en sociologue et de mettre en application mes comp\u00e9tences pour faire une sociologie de l\u2019action.<\/strong><\/p>\n<p align=\"justify\">\n<pre><em>(1) Citation de Simone de Beauvoir revisit\u00e9e par moi-m\u00eame<\/em><\/pre>\n","protected":false},"excerpt":{"rendered":"<p>On ne na\u00eet pas sociologue, on le devient (1) &#8212; MON PARCOURS PROFESSIONNEL &#8212; De 2019 \u00e0 aujourd&rsquo;hui, une sociologue en libert\u00e9 2019 f\u00fbt l&rsquo;ann\u00e9e de mes premiers contrats en tant que sociologue ind\u00e9pendante (appels d&rsquo;offres, intervention professionnelle). J&rsquo;ai nou\u00e9 des partenariats enthousiasmants et inscrits dans la dur\u00e9e, et pens\u00e9 des projets inspirants\u00a0 ! L&rsquo;aventure&#8230; <\/p>\n<div class=\"read-more\"><a href=\"https:\/\/m-au-carre.fr\/index.php\/biographie\/\">Lire la suite<\/a><\/div>\n","protected":false},"author":1,"featured_media":0,"parent":0,"menu_order":5,"comment_status":"closed","ping_status":"closed","template":"","meta":{"footnotes":""},"class_list":["post-50","page","type-page","status-publish","hentry"],"_links":{"self":[{"href":"https:\/\/m-au-carre.fr\/index.php\/wp-json\/wp\/v2\/pages\/50","targetHints":{"allow":["GET"]}}],"collection":[{"href":"https:\/\/m-au-carre.fr\/index.php\/wp-json\/wp\/v2\/pages"}],"about":[{"href":"https:\/\/m-au-carre.fr\/index.php\/wp-json\/wp\/v2\/types\/page"}],"author":[{"embeddable":true,"href":"https:\/\/m-au-carre.fr\/index.php\/wp-json\/wp\/v2\/users\/1"}],"replies":[{"embeddable":true,"href":"https:\/\/m-au-carre.fr\/index.php\/wp-json\/wp\/v2\/comments?post=50"}],"version-history":[{"count":45,"href":"https:\/\/m-au-carre.fr\/index.php\/wp-json\/wp\/v2\/pages\/50\/revisions"}],"predecessor-version":[{"id":734,"href":"https:\/\/m-au-carre.fr\/index.php\/wp-json\/wp\/v2\/pages\/50\/revisions\/734"}],"wp:attachment":[{"href":"https:\/\/m-au-carre.fr\/index.php\/wp-json\/wp\/v2\/media?parent=50"}],"curies":[{"name":"wp","href":"https:\/\/api.w.org\/{rel}","templated":true}]}}

<blockquote><p><strong><i>On ne naît pas sociologue, on le devient </i>(1) </strong></p></blockquote>
<h2 style="text-align: right;"><span style="color: #33cccc;">&#8212; MON PARCOURS PROFESSIONNEL &#8212;</span></h2>
<p align="justify"><strong><span style="color: #33cccc;">De 2019 à aujourd&rsquo;hui, une sociologue en liberté</span><br />
</strong></p>
<p align="justify"><span class="background-details">2019 fût l&rsquo;année de mes premiers contrats en tant que sociologue indépendante (appels d&rsquo;offres, intervention professionnelle). J&rsquo;ai noué des partenariats enthousiasmants et inscrits dans la durée, et pensé des projets inspirants  ! </span><strong>L&rsquo;aventure continue&#8230;</strong></p>
<p align="justify"><strong><span style="color: #33cccc;">En 2018, à la recherche d&rsquo;une opportunité</span> </strong></p>
<p align="justify">Étant en (re)questionnement autour de mon projet professionnel, j&rsquo;ai effectué un tour d&rsquo;horizon et rencontré des entreprises et autres organisations des Pays-de-la-Loire dans lesquelles les sciences humaines et sociales, et en particulier la sociologie, ont potentiellement leur place. Il s&rsquo;agissait « d&rsquo;aller vers » et d&rsquo;échanger autour des projets et missions menés par les personnes rencontrées et sur ce qui les inspire dans leur métier. Mon objectif étant à la fois d&rsquo;étoffer et élargir mon réseau professionnel, découvrir différents métiers et activités et faire de belles rencontres.</p>
<p align="justify">Cette démarche m&rsquo;a permis de réfléchir à l&rsquo;opportunité de créer ma propre activité et l&rsquo;idée a fait son chemin &#8230;</p>
<p align="justify"><strong><span style="color: #33cccc;">En 2016, un nouveau champ des possibles professionnels</span></strong></p>
<p align="justify">J&rsquo;ai intégré le programme partenarial de recherche-action « Transition énergétique et sociétale » initié par le Collège des Transitions Sociétales au cours de sa troisième année d&rsquo;existence. Ce vaste et riche programme de recherche-action réunit des acteurs du territoire des Pays-de-la-Loire (des porteurs de projets collectifs de transition : des projets agricoles, de production citoyenne d&rsquo;énergie renouvelables, d&rsquo;entreprises en zones d&rsquo;activités) et des chercheurs (sociologues, géographes, économistes, prospectivistes). Il s&rsquo;agit de réfléchir ensemble à comment émergent, se développent et se pérennisent des projets collectifs territoriaux en faveur de la transition énergétique et ainsi comprendre comment se créent les capacités collectives pour à terme changer les modes de vie. Ma mission d&rsquo;une durée de 10 mois fut de renforcer l&rsquo;équipe de coordination du programme en termes :<br />
&#8211; d&rsquo;appui et de suivi de travaux d&rsquo;enquêtes sociologiques (élaborer une méthodologie d&rsquo;enquête, collecter, traiter et analyser les données),<br />
&#8211; d&rsquo;organisation, participation et suivi de diverses réunions, événements et séminaires (organiser et rendre compte)<br />
&#8211; de participation à l&rsquo;écriture collective tant de livrables édités par le programme que de comptes-rendus des rencontres, etc.<br />
&#8211; d&rsquo;encadrement et suivi de stagiaires (organiser et suivre le programme de travail du stage).</p>
<p align="justify">Cette mission fut riche tant en termes d&rsquo;apprentissages, d&rsquo;expériences que de rencontres humaines.</p>
<p align="justify"><strong><span style="color: #33cccc;">En 2010, le début d&rsquo;une expérience de recherche en action</span> </strong></p>
<p align="justify">J&rsquo;ai intégré la SCOP nantaise Araïs, un bureau d&rsquo;études et de conseil en développement durable et innovation sociale, d&rsquo;abord en tant qu&rsquo;Assistante d&rsquo;études puis Chargée d&rsquo;études associée. Cette coopérative engagée dans l’Économie Sociale et Solidaire, par son statut et par son activité (promouvoir une économie plus solidaire, créatrice de richesses et d’emplois, au service de l’homme), assurait un appui conseil aux organisations (collectivités territoriales, associations ou entreprises privées) dans le but de les accompagner au changement. L&rsquo;équipe composée principalement d'(ex)-universitaires en sciences humaines et sociales, était pluridisciplinaire (droit, géographie sociale, sociologie et sciences politiques). Nos activités s&rsquo;articulaient autour des études (production de connaissances par des études qualitatives et quantitatives) et du conseil (accompagnement et aide à la décision par des AMO, sensibilisation, animation, expertise Développement Durable). Diverses thématiques, liées principalement au développement durable des territoires, traversaient nos missions telles que la participation citoyenne, l&rsquo;économie collaborative (covoiturage, la consommation responsable, etc.), l&rsquo;aménagement urbain durable, ou encore la politique de la ville. J&rsquo;y ai expérimenté, échangé, produit, acquis et partagé un ensemble de savoirs, d&rsquo;outils et de compétences au fil des missions conduites et des territoires explorés. Après 15 ans de fonctionnement, la Scop Araïs n&rsquo;a pas survécu à une conjoncture économique difficile et a fermé ses portes début janvier 2015.</p>
<ul>
<li>Avril 2018 à aujourd&rsquo;hui : <strong>Sociologue indépendante</strong></li>
<li>Octobre 2017 &#8211; Mars 2018 : Recherche active d&rsquo;un poste &#8211; Développement de mon réseau professionnel par une campagne d&rsquo;entretiens conseils auprès de personnes ressources en responsabilité dans diverses entreprises, associations et collectivités territoriales (région nantaise, Paris)</li>
<li>Septembre 2016 &#8211; Juin 2017 : <strong>Chargée d&rsquo;études (sociologue)</strong> au sein du Collège des transitions sociétales (Think &amp; Do Tank régional) pour le programme partenarial de recherche-action transition énergétique et sociétale</li>
<li>2010 – 2015 : <strong>Chargée d&rsquo;études (Associée)</strong> au sein de la Coopérative d&rsquo;études et de conseil Araïs à Nantes (Association Recherche Action et Innovation Sociale)</li>
<li>2013 – 2015 : Intervenante professionnelle dans le cadre du Master 2 Professionnel Métiers du développement territorial et de l&rsquo;ESS à l&rsquo;Université Catholique de l&rsquo;Ouest d&rsquo;Angers (Objets de mes interventions : Être sociologue praticien et La Recherche-action en action)</li>
<li>2006 – 2008 : Attachée Temporaire à l&rsquo;Enseignement et à la Recherche (ATER) à l&rsquo;UFR de sociologie à l&rsquo;Université de Rennes 2 (Licence 1 et 2 – Cours de Méthodologie de recherche en sciences humaines / Cours d&rsquo;Introduction à l&rsquo;ethnologie / Cours de Statistiques)</li>
<li>2004 – 2006 : Chargée de cours à l&rsquo;UFR de sociologie à l&rsquo;Université de Nantes (Licence 1 – Cours d&rsquo;Introduction à la sociologie)</li>
<li>2004 – 2006 : Doctorante salariée de l&rsquo;ADEME (Bourse de recherche)</li>
</ul>
<h2 style="text-align: right;"><span style="color: #33cccc;">&#8212; MON PARCOURS EN SOCIOLOGIE &#8212;</span></h2>
<ul>
<li>2009 : Doctorat de sociologie (Université François Rabelais &#8211; Tours)</li>
<li>2003 : Master 2 Recherche « Villes et Territoires » (Université François Rabelais -Tours)</li>
<li>2002 : Master 2 Professionnel « Responsable d&rsquo;actions éducatives et sociales dans l&rsquo;espace urbain (Université Paris 8 – UFR des Sciences de l&rsquo;éducation)</li>
<li>2000 &#8211; 2001 : Licence et Master 1 de sociologie (Université de Nantes – UFR de Sociologie)<i><br />
</i></li>
</ul>
<p align="justify"><img loading="lazy" decoding="async" class="wp-image-51 alignleft" src="https://m-au-carre.fr/wp-content/uploads/2016/03/Parcours-universitaire-Carte-300x212.jpg" alt="Parcours universitaire Carte" width="249" height="176" srcset="https://m-au-carre.fr/wp-content/uploads/2016/03/Parcours-universitaire-Carte-300x212.jpg 300w, https://m-au-carre.fr/wp-content/uploads/2016/03/Parcours-universitaire-Carte-768x543.jpg 768w, https://m-au-carre.fr/wp-content/uploads/2016/03/Parcours-universitaire-Carte-1024x724.jpg 1024w, https://m-au-carre.fr/wp-content/uploads/2016/03/Parcours-universitaire-Carte.jpg 1123w" sizes="auto, (max-width: 249px) 100vw, 249px" /></p>
<p align="justify">A la fin de mon Master 1 (Image de soi et représentation individuelle : le miroir et la photographie dans la vie quotidienne &#8211; 2001), j&rsquo;ai souhaité me professionnaliser en intégrant un Master 2 Professionnel. Il faut bien avouer que j&rsquo;ai légèrement fait fausse route en suivant cette formation qui ne correspondait finalement pas à mes aspirations. Le seul bénéfice retiré a été de me « découvrir » un intérêt pour le fait urbain et la fabrication urbaine (des lieux). Exit ma professionnalisation &#8230;</p>
<p align="justify">J&rsquo;ai alors poursuivi mon voyage initiatique sociologique en Master 2 Recherche, lors duquel j&rsquo;ai pu affiner mon intérêt pour les territoires en devenir et l&rsquo;usage qui en était fait, à l&rsquo;instar de la nouvellement nommée Ile de Nantes et son nouveau Palais de Justice (Introduction d&rsquo;une activité institutionnelle comme mode de redynamisation d&rsquo;un espace en partie en « friche urbaine ». L&rsquo;exemple du (nouveau) Palais de Justice de Nantes &#8211; 2003).</p>
<p align="justify">Dans la suite (logique) de ce parcours, j&rsquo;ai entamé, poursuivi et achevé mon Doctorat de sociologie (Vivre sur un espace en renouvellement urbain : l&rsquo;exemple du projet d&rsquo;aménagement de l&rsquo;Ile de Nantes et de ses commerçants – 2009 &#8211; <a href="https://m-au-carre.fr/wp-content/uploads/2016/03/Thèse-Marion-Guerry-2009.pdf" target="_blank" rel="noopener noreferrer">PDF Thèse</a>).</p>
<p align="justify">Ce travail d&rsquo;écriture sociologique a représenté six années de tout et son contraire, en termes émotionnel et intellectuel : des enrichissements scientifiques, des doutes existentiels, des avancées personnelles, de l&rsquo;isolement, de l&rsquo;ouverture, de la transmission de savoirs (professorat), des satisfactions, &#8230;</p>
<p align="justify">Malgré un « accouchement » dans la douleur, je suis satisfaite depuis lors d&rsquo;avoir parcouru ce chemin et d&rsquo;avoir achevé ma thèse et ainsi devenir Docteure Guerry &#8230; je vous laisse apprécier la subtilité 🙂</p>
<p align="justify"><strong>Après l&rsquo;obtention de mon doctorat, j&rsquo;ai eu envie d&rsquo;agir en sociologue et de mettre en application mes compétences pour faire une sociologie de l’action.</strong></p>
<p align="justify">
<pre><em>(1) Citation de Simone de Beauvoir revisitée par moi-même</em></pre>

<p>On ne naît pas sociologue, on le devient (1) &#8212; MON PARCOURS PROFESSIONNEL &#8212; De 2019 à aujourd&rsquo;hui, une sociologue en liberté 2019 fût l&rsquo;année de mes premiers contrats en tant que sociologue indépendante (appels d&rsquo;offres, intervention professionnelle). J&rsquo;ai noué des partenariats enthousiasmants et inscrits dans la durée, et pensé des projets inspirants  ! L&rsquo;aventure&#8230; </p>
<div class="read-more"><a href="https://m-au-carre.fr/index.php/biographie/">Lire la suite</a></div>
